 3, -a + 27 = 2*t. Calculate the greatest common divisor of 66 and t.
6
Let i = -1385 + 1518. What is the highest common divisor of 95 and i?
19
Let g be (-14)/(-49) + (-108)/(-14). Let o(z) = z**2 - 6*z - 5. Let d be o(g). Let n = -90 - -189. What is the highest common factor of d and n?
11
Let q(y) = y**3 + y + 6. Let c be q(0). Let i = c + 15. Let z(f) = 44*f + 231. Let r be z(0). What is the greatest common factor of r and i?
21
Suppose -393 - 1042 = -41*l. What is the highest common factor of 945 and l?
35
Let i = 46 + 53. Let m(n) = n**3 - 16*n**2 + 50*n - 15. Let t be m(12). What is the highest common factor of i and t?
9
Let y = 112 - 47. Let d = y - -5. What is the greatest common factor of 10 and d?
10
Let g(p) = 32*p - 791. Let x be g(23). Let o be 81 + 0*(-1 + 0). Let f = x + o. Calculate the highest common factor of f and 13.
13
Let j = 277 + -241. What is the highest common factor of 36 and j?
36
Let t = -254 + 272. Let w be (-3)/(-2)*(94 + 2). What is the highest common factor of w and t?
18
Suppose 7*m + 1232 = 14*m. What is the greatest common divisor of m and 55?
11
Suppose -69*m + 73*m = 5*t + 1053, 0 = m - 4*t - 255. Calculate the greatest common factor of 623 and m.
89
Suppose 52 = -s + 97. Suppose 0 = a - 2 + 3. Let h be 2/(a + (-7)/(-5)). Calculate the highest common factor of h and s.
5
Let s be -48 + (26/(-14) - 2/14). Let p be s/4*(-15)/50*8. What is the greatest common divisor of 12 and p?
6
Suppose -97 = -16*p - 1. What is the highest common divisor of p and 96?
6
Let r(g) = -g + 54. Let d be r(0). Suppose 0 = -2173*s + 2167*s + 1620. Calculate the highest common factor of s and d.
54
Let z = 108 + 87. What is the highest common divisor of 39 and z?
39
Let x(n) = n**3 - 3*n**2 - 5*n - 1. Let r = -27 - -32. Let g be x(r). Calculate the greatest common divisor of 24 and g.
24
Let f = -25 + 32. Suppose -114 = -5*s + 2*m, 2*m - 8 + 2 = 0. Let g = s - -11. Calculate the greatest common divisor of f and g.
7
Suppose 10 = 2*t, 2*i + i - 2*t - 23 = 0. What is the greatest common factor of i and 44?
11
Let l be (0 - -1 - 0/(-8)) + -60. Let a = l + 77. What is the highest common divisor of a and 72?
18
Let j = 112 + -13. What is the highest common factor of 18 and j?
9
Let w = 29 - 16. Let u be (-2)/w + 2/13. Suppose -6*v + 160 = -3*v - 4*r, u = 4*v + 2*r - 184. What is the greatest common divisor of 12 and v?
12
Suppose 4*v = 3*n + 115, 6 + 24 = v - n. What is the highest common divisor of 20 and v?
5
Let x = 289 - 226. What is the greatest common factor of x and 1575?
63
Suppose 16*p - 5 = 15*p. Suppose -370 - 30 = -p*j. Calculate the greatest common divisor of 10 and j.
10
Let l(v) = v**3 - 11*v**2 + 39*v - 35. Let z be l(7). Calculate the highest common factor of z and 616.
14
Let s = 124 - -196. Calculate the greatest common divisor of s and 192.
64
Let i = -218 + 434. Calculate the highest common factor of 144 and i.
72
Let d be 1 - (-35 - (2 - 4)). What is the highest common factor of d and 170?
34
Let n(a) = -2*a**2 - 6*a + 47. Let g be n(-10). Let i = g - -104. Calculate the highest common divisor of i and 11.
11
Let a = 17 - 13. Suppose -4*s + 3*c - c = -10, 2*c = -a*s + 22. Suppose -s*m + 37 = 9. What is the greatest common factor of m and 49?
7
Let v(d) = -6*d - 89. Let p be v(-16). Suppose 0*f + 140 = 5*f. Calculate the highest common divisor of p and f.
7
Suppose 7*a - 396 = -4*a. Let q(y) = -5*y + 7. Let g be q(7). Let s be (96/g)/((-4)/28). What is the highest common divisor of a and s?
12
Let d be (-46)/14 + 4/14. Let g be 3*-1 + (-198)/3. Let w = d - g. Calculate the greatest common factor of 44 and w.
22
Let d = 814 + -72. What is the greatest common factor of d and 14?
14
Suppose 3*a + 20 = 2*r, -3*r - 3*a - 8 = 2*a. Suppose r*w - 31 = -3*x, x - 4*w = 10 + 11. What is the greatest common factor of 26 and x?
13
Suppose 6*p - 4*p - 204 = 0. Calculate the greatest common divisor of 34 and p.
34
Let u = 59 - 41. Suppose 0 = -b + u. Let j(s) = s**3 - 52*s - 24. Let g be j(8). Calculate the highest common factor of g and b.
18
Let h be ((-15)/(-6) - 1)*-4. Let a be (h - 11)/(1 - 2). Suppose -5*x = -2*v - 91, -3 = -3*x - v + 45. What is the greatest common factor of a and x?
17
Let z = 957 - 943. Let k be (-564)/(-8) + (-2)/4. Calculate the greatest common divisor of k and z.
14
Let v(x) = x**2 - 12*x + 25. Let n be v(10). Let w be 2 - n/(-3)*3. What is the highest common factor of w and 7?
7
Let l(x) = -x**2 - 18*x + 2. Let j be l(-18). Suppose j*r - 6*r + 4 = 0. What is the highest common factor of 5 and r?
1
Let c = -21 + 28. Suppose 4*i = 4, i = -4*r + 69 + 44. What is the highest common factor of r and c?
7
Let w be ((-6384)/9)/(-7) - (-4)/6. Calculate the highest common factor of 459 and w.
51
Suppose -2*j - 27 = -39. Suppose l - 8 - j = 0. Calculate the highest common factor of l and 42.
14
Suppose 0 = -3*t + 5*u + 404, -t + u + 105 = -33. Calculate the greatest common factor of 13 and t.
13
Let g(u) = 2*u - 2. Let s be g(2). Suppose -3*f + 245 = 2*q + s*f, 3*q + 5*f = 380. Calculate the highest common factor of 15 and q.
15
Suppose 2*n = 2*y + 7 - 9, -5*y - 4 = 4*n. Suppose y = -4*p - 5*z + 119, -9*z + 7*z + 29 = p. Calculate the greatest common divisor of 124 and p.
31
Suppose o = -5*c + 26, -o - o + 28 = -2*c. Let s(w) = 2*w**2 + 28*w + 8. Let l be s(-14). Calculate the greatest common divisor of l and o.
8
Suppose 0*t = -2*t + 150. Suppose -2*j - 4*z + 41 = -5*z, 4*j + 5*z = t. Calculate the greatest common divisor of 140 and j.
20
Let t(o) be the third derivative of 17*o**5/60 - 19*o**4/24 - 3*o**3/2 + 45*o**2. Let l be t(4). What is the highest common factor of 17 and l?
17
Let t(s) = s**3 + 6*s**2 - s + 11. Let j be t(-5). Calculate the greatest common divisor of 287 and j.
41
Suppose -3*t + 27 = 2*r - 2, 0 = 3*r - 3*t - 81. What is the highest common divisor of r and 165?
11
Suppose -1 - 9 = 2*i, k - 2*i = 163. Let q = k - 96. What is the highest common factor of q and 19?
19
Suppose -114*b + 691 = -112*b + 5*v, -3*b = -2*v - 1046. Calculate the greatest common factor of b and 24.
12
Let o = -43 + 26. Let f be (-1)/5 + (-72)/20*3. Let l = f - o. Calculate the highest common factor of l and 4.
2
Suppose 0 = -4*j + j + 5*n + 151, -3*j = 3*n - 159. What is the greatest common divisor of 4 and j?
4
Suppose 2*h - 6*h = -n + 294, -946 = -3*n - 4*h. What is the greatest common divisor of n and 10?
10
Suppose 19*m = 21*m - 90. Calculate the greatest common divisor of 60 and m.
15
Let m = -17 + 29. Let a be 24/9*15/4. Suppose -58 = -2*y - a. What is the highest common factor of y and m?
12
Suppose 2*i + 0*i - 3710 = -5*d, 3*i - 1495 = -2*d. Suppose 2*a = d - 170. Suppose a = 3*g + 96. What is the highest common factor of 21 and g?
21
Let j = 64 + -36. Let n = 1550 - 1410. What is the greatest common divisor of j and n?
28
Suppose 10*l = 15*l - 480. Calculate the greatest common divisor of 18 and l.
6
Let x(f) = 12*f. Let t be x(2). Let y be -2*(-1 - -13)/(4/(-12)). What is the greatest common divisor of t and y?
24
Let z(k) = 23 + 8*k**2 + 11*k + 4*k**2 - 11*k**2. Let r be z(-9). Calculate the highest common factor of 10 and r.
5
Suppose -3*w = 2*p - 17, 0 = 5*w + p - 40. Let m = 6 + 12. Suppose -z + 0 = -m. What is the highest common factor of w and z?
9
Let d(j) = 2*j**2 + 36*j - 8. Let t be d(-24). Calculate the highest common factor of t and 35.
35
Let g(o) = -2*o**3 - o**2 + 5*o + 1. Let b be g(-4). Suppose 93 = 3*t + 3*c, -5*t = 41*c - 38*c - 155. Calculate the greatest common factor of b and t.
31
Let s = -73 - -188. Calculate the greatest common factor of 10 and s.
5
Let a be -5*(-3 - (0 - 2)). Suppose -5*r - 3*y - 5 = 0, -4 = a*r + 4*y + 6. What is the highest common divisor of 3 and r?
1
Let w = 455 - 448. Let m be (14/(-3))/(1/(-3)). What is the greatest common divisor of m and w?
7
Suppose -4*k - k - 41 = -3*r, 2*r + 5*k - 69 = 0. Suppose -5*s = -r - 148. Calculate the highest common factor of s and 17.
17
Let n be (-2)/9 - (-47)/9. Calculate the highest common divisor of n and 80.
5
Suppose 3*j = -3*z - 372, 3*z + 3*j = 4*j - 380. Let x = 210 + z. What is the greatest common divisor of 21 and x?
21
Let s(i) = -i**3 - i**2 - 2*i + 3. Let p be s(-3). Suppose 3*t + 2 = 5*t. Suppose 5*u + t - 